 and 914?
914
Calculate the greatest common factor of 47929 and 860713.
287
Calculate the greatest common factor of 800 and 348550.
50
What is the highest common divisor of 161 and 10217543?
161
What is the highest common divisor of 256 and 15701248?
256
Calculate the greatest common divisor of 12729663 and 2242.
59
Calculate the greatest common divisor of 584 and 170924536.
584
Calculate the greatest common divisor of 1470427 and 3871.
553
What is the greatest common factor of 35965521 and 28984?
3623
Calculate the greatest common divisor of 41814 and 237653.
101
What is the highest common factor of 3728 and 327366398?
466
What is the highest common divisor of 480 and 2661708?
12
Calculate the greatest common divisor of 934 and 16773706.
934
Calculate the greatest common divisor of 496629 and 13734.
63
What is the highest common divisor of 116206108 and 619?
619
What is the greatest common divisor of 466801257 and 39?
39
What is the greatest common factor of 11680184 and 1009?
1009
Calculate the highest common factor of 2821 and 15047617.
403
What is the highest common divisor of 955075 and 92000?
575
Calculate the greatest common divisor of 1176896 and 3584.
448
Calculate the greatest common divisor of 9668490 and 4394.
338
What is the greatest common divisor of 1945615 and 77?
7
Calculate the highest common divisor of 55042 and 200564.
754
Calculate the greatest common divisor of 4693638 and 838.
838
What is the greatest common divisor of 20 and 1907457940?
20
Calculate the highest common factor of 1321200 and 365.
5
Calculate the highest common divisor of 49280 and 266992.
176
What is the greatest common divisor of 558291 and 48?
3
What is the greatest common factor of 15493162 and 82?
82
Calculate the highest common factor of 2403810 and 10626498.
16578
What is the greatest common factor of 6064753 and 314?
157
What is the highest common factor of 154049618 and 48526?
2554
Calculate the highest common factor of 28578 and 5382.
6
What is the highest common divisor of 29274 and 3325686?
42
What is the highest common divisor of 6230990 and 150?
10
Calculate the greatest common factor of 31332 and 42588.
84
Calculate the highest common divisor of 2483244 and 7506.
54
What is the greatest common factor of 12375 and 23628?
33
Calculate the highest common divisor of 2662 and 4022918218.
2662
Calculate the highest common factor of 147 and 22654317.
147
What is the highest common divisor of 233648618 and 1022?
1022
What is the highest common divisor of 24300579 and 435?
87
Calculate the greatest common divisor of 26834987 and 7773.
2591
Calculate the greatest common factor of 476 and 3704554728.
476
What is the highest common divisor of 13 and 104192491?
13
Calculate the greatest common factor of 5615711 and 75007.
701
Calculate the greatest common factor of 2261835 and 324.
9
Calculate the highest common divisor of 3422330 and 50.
10
What is the highest common divisor of 679 and 678771177?
679
What is the greatest common divisor of 3998032 and 4819?
79
Calculate the highest common divisor of 100667424 and 676.
52
What is the highest common divisor of 2728 and 18460717?
341
Calculate the greatest common divisor of 95 and 4521383.
1
What is the greatest common divisor of 1617498 and 1242?
414
Calculate the highest common divisor of 10815 and 3612189.
21
Calculate the highest common factor of 5 and 64429905.
5
What is the greatest common factor of 757370 and 1750?
10
Calculate the highest common divisor of 153350 and 42060838.
6134
Calculate the greatest common divisor of 1521290 and 30190970.
10210
Calculate the highest common factor of 73720746 and 242.
22
Calculate the highest common divisor of 880 and 1306855.
55
What is the greatest common factor of 650308260 and 336?
84
Calculate the highest common divisor of 652865360 and 80.
80
What is the highest common divisor of 476 and 500668?
28
What is the highest common factor of 9013 and 8692?
1
What is the highest common divisor of 777 and 6678759?
111
What is the highest common divisor of 3131744 and 7843?
341
Calculate the greatest common divisor of 1686934795 and 3305.
3305
Calculate the highest common divisor of 80615948 and 2478.
826
Calculate the highest common factor of 70585207 and 374.
187
Calculate the highest common divisor of 494134 and 4.
2
What is the greatest common divisor of 267967 and 91?
7
Calculate the greatest common factor of 1280 and 31118848.
256
Calculate the highest common divisor of 7573959 and 5481.
783
Calculate the highest common divisor of 2300 and 145541700.
2300
Calculate the greatest common factor of 2795322 and 492.
6
What is the greatest common divisor of 6059 and 346193?
83
Calculate the greatest common divisor of 13893260 and 92.
4
What is the greatest common factor of 29824 and 304064?
64
What is the highest common divisor of 7610 and 98570?
10
Calculate the greatest common factor of 51 and 93327365.
17
What is the highest common divisor of 196737 and 6?
3
What is the greatest common factor of 62 and 17609178?
62
Calculate the highest common divisor of 70946796 and 12.
12
What is the greatest common factor of 50934 and 73866?
78
Calculate the highest common factor of 3544 and 44018252.
1772
What is the highest common divisor of 7013305 and 26?
13
What is the highest common factor of 68908572 and 12?
12
Calculate the greatest common divisor of 1991997 and 735.
147
Calculate the highest common factor of 1335 and 102240975.
1335
Calculate the greatest common divisor of 26 and 13721461.
13
What is the highest common factor of 496606389 and 2151?
717
Calculate the greatest common divisor of 1486848 and 1293312.
3072
What is the greatest common factor of 526787 and 7090?
709
Calculate the highest common divisor of 32116023 and 1465.
293
What is the greatest common factor of 72 and 28888956?
36
What is the highest common divisor of 24168 and 36583968?
456
What is the greatest common divisor of 45199830 and 1610?
230
Calculate the highest common divisor of 14729 and 15665.
13
What is the highest common divisor of 87754650 and 120?
30
Calculate the greatest common factor of 30755288 and 2368.
296
What is the highest common factor of 1424 and 45612856?
712
What is the greatest common factor of 8093510 and 3260?
10
Calculate the highest common divisor of 1008314394 and 82.
82
Calculate the greatest common divisor of 23074 and 14027.
83
Calculate the greatest common divisor of 848433 and 9159.
129
What is the highest common factor of 6 and 3022084686?
6
What is the highest common divisor of 495130 and 28821?
739
What is the greatest common factor of 377 and 98159519?
29
Calculate the highest common factor of 201288425 and 155.
155
Calculate the greatest common factor of 5844407 and 20633.
439
Calculate the greatest common factor of 116309754 and 66693.
1419
Calculate the greatest common factor of 8377506 and 4401.
27
What is the highest common divisor of 51585 and 760665?
285
What is the greatest common factor of 393 and 1433143144?
131
What is the greatest common divisor of 104798 and 960362?
1718
Calculate the highest common divisor of 8 and 6435012.
4
Calculate the greatest common divisor of 14337 and 36285.
177
What is the highest common divisor of 6007650 and 1452?
726
What is the highest common divisor of 118104139 and 214?
107
Calculate the greatest common divisor of 6506233 and 201527.
1471
Calculate the highest common divisor of 3766872 and 3294.
366
What is the highest common divisor of 104 and 21582548?
52
Calculate the highest common divisor of 10577808 and 93177.
4437
Calculate the highest common divisor of 2717704 and 135102.
1958
Calculate the highest common divisor of 33175 and 238274793.
1327
What is the highest common factor of 8 and 77825664?
8
What is the highest common factor of 212038684 and 4602?
1534
What is the greatest common factor of 1911674 and 174090?
1658
Calculate the greatest common divisor of 5876 and 3883584.
452
What is the greatest common factor of 66787 and 133168?
203
What is the greatest common factor of 257988 and 4644?
12
What is the greatest common factor of 146333187 and 74?
37
What is the highest common divisor of 449445 and 3298818?
1083
What is the greatest common factor of 21 and 7794951?
3
What is the greatest common fa